{"id":19165,"date":"2022-02-08T17:53:42","date_gmt":"2022-02-08T16:53:42","guid":{"rendered":"https:\/\/cafesorus.es\/tienda\/?post_type=product&#038;p=19165"},"modified":"2025-02-03T12:52:39","modified_gmt":"2025-02-03T11:52:39","slug":"pack-de-cafe-de-origenes-africanos-zambia-aaa-kenia-tanzania-y-etiopia-sidamo-pack-para-regalo-y-degustacion","status":"publish","type":"product","link":"https:\/\/cafesorus.es\/tienda\/producto\/pack-de-cafe-de-origenes-africanos-zambia-aaa-kenia-tanzania-y-etiopia-sidamo-pack-para-regalo-y-degustacion\/","title":{"rendered":"Malet\u00edn de caf\u00e9 de Or\u00edgenes Africanos: Zambia AAA, Kenia, Tanzania y Etiop\u00eda Sidamo"},"content":{"rendered":"","protected":false},"excerpt":{"rendered":"<ul style=\"font-weight: 400;\">\n<li>1 caf\u00e9 de Kenia, 1 caf\u00e9 de Zambia AAA, 1 caf\u00e9 de Tanzania y 1 caf\u00e9 de Etiop\u00eda Sidamo<\/li>\n<li>4&#215;250 gr<\/li>\n<li>Cuando degustes un caf\u00e9 de \u00c1frica, encontrar\u00e1s sabores vibrantes y exuberantes que van desde los c\u00edtricos hasta las bayas, adem\u00e1s de una pronunciada acidez.<\/li>\n<li>Por esta raz\u00f3n, desde Caf\u00e9s Or\u00fas recomendamos utilizar una cafetera tipo filtro o Chemex para la elaboraci\u00f3n de cualquier caf\u00e9 de origen africano.<\/li>\n<\/ul>\n","protected":false},"featured_media":19919,"comment_status":"open","ping_status":"closed","template":"","meta":[],"product_brand":[],"product_cat":[75,182,103,85,102],"product_tag":[],"class_list":{"0":"post-19165","1":"product","2":"type-product","3":"status-publish","4":"has-post-thumbnail","6":"product_cat-cafe","7":"product_cat-coleccion-origenes","8":"product_cat-pack-de-cafe-de-origenes-africanos","9":"product_cat-packs","10":"product_cat-packs-para-regalo-y-degustacion","12":"first","13":"instock","14":"taxable","15":"shipping-taxable","16":"purchasable","17":"product-type-variable"},"yoast_head":"<!-- This site is optimized with the Yoast SEO plugin v26.0 - https:\/\/yoast.com\/wordpress\/plugins\/seo\/ -->\n<title>Malet\u00edn de caf\u00e9 de Or\u00edgenes Africanos: Zambia AAA, Kenia, Tanzania y Etiop\u00eda Sidamo - Comprar caf\u00e9 online - Tienda online de Caf\u00e9s Or\u00fas -<\/title>\n<meta name=\"robots\" content=\"index, follow, max-snippet:-1, max-image-preview:large, max-video-preview:-1\" \/>\n<link rel=\"canonical\" href=\"https:\/\/cafesorus.es\/tienda\/producto\/pack-de-cafe-de-origenes-africanos-zambia-aaa-kenia-tanzania-y-etiopia-sidamo-pack-para-regalo-y-degustacion\/\" \/>\n<meta property=\"og:locale\" content=\"es_ES\" \/>\n<meta property=\"og:type\" content=\"article\" \/>\n<meta property=\"og:title\" content=\"Malet\u00edn de caf\u00e9 de Or\u00edgenes Africanos: Zambia AAA, Kenia, Tanzania y Etiop\u00eda Sidamo - Comprar caf\u00e9 online - Tienda online de Caf\u00e9s Or\u00fas -\" \/>\n<meta property=\"og:description\" content=\"1 caf\u00e9 de Kenia, 1 caf\u00e9 de Zambia AAA, 1 caf\u00e9 de Tanzania y 1 caf\u00e9 de Etiop\u00eda Sidamo  4x250 gr  Cuando degustes un caf\u00e9 de \u00c1frica, encontrar\u00e1s sabores vibrantes y exuberantes que van desde los c\u00edtricos hasta las bayas, adem\u00e1s de una pronunciada acidez.  Por esta raz\u00f3n, desde Caf\u00e9s Or\u00fas recomendamos utilizar una cafetera tipo filtro o Chemex para la elaboraci\u00f3n de cualquier caf\u00e9 de origen africano.\" \/>\n<meta property=\"og:url\" content=\"https:\/\/cafesorus.es\/tienda\/producto\/pack-de-cafe-de-origenes-africanos-zambia-aaa-kenia-tanzania-y-etiopia-sidamo-pack-para-regalo-y-degustacion\/\" \/>\n<meta property=\"og:site_name\" content=\"Comprar caf\u00e9 online - Tienda online de Caf\u00e9s Or\u00fas -\" \/>\n<meta property=\"article:publisher\" content=\"https:\/\/www.facebook.com\/cafesorusaragon\" \/>\n<meta property=\"article:modified_time\" content=\"2025-02-03T11:52:39+00:00\" \/>\n<meta property=\"og:image\" content=\"https:\/\/cafesorus.es\/tienda\/wp-content\/uploads\/2022\/02\/Africanos2.png\" \/>\n\t<meta property=\"og:image:width\" content=\"1000\" \/>\n\t<meta property=\"og:image:height\" content=\"1000\" \/>\n\t<meta property=\"og:image:type\" content=\"image\/png\" \/>\n<meta name=\"twitter:card\" content=\"summary_large_image\" \/>\n<meta name=\"twitter:site\" content=\"@CafesOrus\" \/>\n<script type=\"application\/ld+json\" class=\"yoast-schema-graph\">{\"@context\":\"https:\/\/schema.org\",\"@graph\":[{\"@type\":\"WebPage\",\"@id\":\"https:\/\/cafesorus.es\/tienda\/producto\/pack-de-cafe-de-origenes-africanos-zambia-aaa-kenia-tanzania-y-etiopia-sidamo-pack-para-regalo-y-degustacion\/\",\"url\":\"https:\/\/cafesorus.es\/tienda\/producto\/pack-de-cafe-de-origenes-africanos-zambia-aaa-kenia-tanzania-y-etiopia-sidamo-pack-para-regalo-y-degustacion\/\",\"name\":\"Malet\u00edn de caf\u00e9 de Or\u00edgenes Africanos: Zambia AAA, Kenia, Tanzania y Etiop\u00eda Sidamo - Comprar caf\u00e9 online - Tienda online de Caf\u00e9s Or\u00fas -\",\"isPartOf\":{\"@id\":\"https:\/\/cafesorus.es\/tienda\/#website\"},\"primaryImageOfPage\":{\"@id\":\"https:\/\/cafesorus.es\/tienda\/producto\/pack-de-cafe-de-origenes-africanos-zambia-aaa-kenia-tanzania-y-etiopia-sidamo-pack-para-regalo-y-degustacion\/#primaryimage\"},\"image\":{\"@id\":\"https:\/\/cafesorus.es\/tienda\/producto\/pack-de-cafe-de-origenes-africanos-zambia-aaa-kenia-tanzania-y-etiopia-sidamo-pack-para-regalo-y-degustacion\/#primaryimage\"},\"thumbnailUrl\":\"https:\/\/cafesorus.es\/tienda\/wp-content\/uploads\/2022\/02\/Africanos2.png\",\"datePublished\":\"2022-02-08T16:53:42+00:00\",\"dateModified\":\"2025-02-03T11:52:39+00:00\",\"breadcrumb\":{\"@id\":\"https:\/\/cafesorus.es\/tienda\/producto\/pack-de-cafe-de-origenes-africanos-zambia-aaa-kenia-tanzania-y-etiopia-sidamo-pack-para-regalo-y-degustacion\/#breadcrumb\"},\"inLanguage\":\"es\",\"potentialAction\":[{\"@type\":\"ReadAction\",\"target\":[\"https:\/\/cafesorus.es\/tienda\/producto\/pack-de-cafe-de-origenes-africanos-zambia-aaa-kenia-tanzania-y-etiopia-sidamo-pack-para-regalo-y-degustacion\/\"]}]},{\"@type\":\"ImageObject\",\"inLanguage\":\"es\",\"@id\":\"https:\/\/cafesorus.es\/tienda\/producto\/pack-de-cafe-de-origenes-africanos-zambia-aaa-kenia-tanzania-y-etiopia-sidamo-pack-para-regalo-y-degustacion\/#primaryimage\",\"url\":\"https:\/\/cafesorus.es\/tienda\/wp-content\/uploads\/2022\/02\/Africanos2.png\",\"contentUrl\":\"https:\/\/cafesorus.es\/tienda\/wp-content\/uploads\/2022\/02\/Africanos2.png\",\"width\":1000,\"height\":1000},{\"@type\":\"BreadcrumbList\",\"@id\":\"https:\/\/cafesorus.es\/tienda\/producto\/pack-de-cafe-de-origenes-africanos-zambia-aaa-kenia-tanzania-y-etiopia-sidamo-pack-para-regalo-y-degustacion\/#breadcrumb\",\"itemListElement\":[{\"@type\":\"ListItem\",\"position\":1,\"name\":\"Portada\",\"item\":\"https:\/\/cafesorus.es\/tienda\/\"},{\"@type\":\"ListItem\",\"position\":2,\"name\":\"Comprar Caf\u00e9 Online &#8211; Caf\u00e9s Or\u00fas\",\"item\":\"https:\/\/cafesorus.es\/tienda\/\"},{\"@type\":\"ListItem\",\"position\":3,\"name\":\"Malet\u00edn de caf\u00e9 de Or\u00edgenes Africanos: Zambia AAA, Kenia, Tanzania y Etiop\u00eda Sidamo\"}]},{\"@type\":\"WebSite\",\"@id\":\"https:\/\/cafesorus.es\/tienda\/#website\",\"url\":\"https:\/\/cafesorus.es\/tienda\/\",\"name\":\"Comprar caf\u00e9 online - Tienda online de Caf\u00e9s Or\u00fas\",\"description\":\"El sabor de tu vida\",\"publisher\":{\"@id\":\"https:\/\/cafesorus.es\/tienda\/#organization\"},\"potentialAction\":[{\"@type\":\"SearchAction\",\"target\":{\"@type\":\"EntryPoint\",\"urlTemplate\":\"https:\/\/cafesorus.es\/tienda\/?s={search_term_string}\"},\"query-input\":{\"@type\":\"PropertyValueSpecification\",\"valueRequired\":true,\"valueName\":\"search_term_string\"}}],\"inLanguage\":\"es\"},{\"@type\":\"Organization\",\"@id\":\"https:\/\/cafesorus.es\/tienda\/#organization\",\"name\":\"Caf\u00e9s Or\u00fas\",\"url\":\"https:\/\/cafesorus.es\/tienda\/\",\"logo\":{\"@type\":\"ImageObject\",\"inLanguage\":\"es\",\"@id\":\"https:\/\/cafesorus.es\/tienda\/#\/schema\/logo\/image\/\",\"url\":\"https:\/\/cafesorus.es\/tienda\/wp-content\/uploads\/2023\/01\/Branding_1_HD-e1672845351612.png\",\"contentUrl\":\"https:\/\/cafesorus.es\/tienda\/wp-content\/uploads\/2023\/01\/Branding_1_HD-e1672845351612.png\",\"width\":150,\"height\":96,\"caption\":\"Caf\u00e9s Or\u00fas\"},\"image\":{\"@id\":\"https:\/\/cafesorus.es\/tienda\/#\/schema\/logo\/image\/\"},\"sameAs\":[\"https:\/\/www.facebook.com\/cafesorusaragon\",\"https:\/\/x.com\/CafesOrus\",\"https:\/\/www.instagram.com\/cafesorus\/\",\"https:\/\/www.youtube.com\/user\/cafesorus\",\"https:\/\/www.flickr.com\/photos\/cafesorus\/\"]}]}<\/script>\n<!-- \/ Yoast SEO plugin. -->","yoast_head_json":{"title":"Malet\u00edn de caf\u00e9 de Or\u00edgenes Africanos: Zambia AAA, Kenia, Tanzania y Etiop\u00eda Sidamo - Comprar caf\u00e9 online - Tienda online de Caf\u00e9s Or\u00fas -","robots":{"index":"index","follow":"follow","max-snippet":"max-snippet:-1","max-image-preview":"max-image-preview:large","max-video-preview":"max-video-preview:-1"},"canonical":"https:\/\/cafesorus.es\/tienda\/producto\/pack-de-cafe-de-origenes-africanos-zambia-aaa-kenia-tanzania-y-etiopia-sidamo-pack-para-regalo-y-degustacion\/","og_locale":"es_ES","og_type":"article","og_title":"Malet\u00edn de caf\u00e9 de Or\u00edgenes Africanos: Zambia AAA, Kenia, Tanzania y Etiop\u00eda Sidamo - Comprar caf\u00e9 online - Tienda online de Caf\u00e9s Or\u00fas -","og_description":"1 caf\u00e9 de Kenia, 1 caf\u00e9 de Zambia AAA, 1 caf\u00e9 de Tanzania y 1 caf\u00e9 de Etiop\u00eda Sidamo  4x250 gr  Cuando degustes un caf\u00e9 de \u00c1frica, encontrar\u00e1s sabores vibrantes y exuberantes que van desde los c\u00edtricos hasta las bayas, adem\u00e1s de una pronunciada acidez.  Por esta raz\u00f3n, desde Caf\u00e9s Or\u00fas recomendamos utilizar una cafetera tipo filtro o Chemex para la elaboraci\u00f3n de cualquier caf\u00e9 de origen africano.","og_url":"https:\/\/cafesorus.es\/tienda\/producto\/pack-de-cafe-de-origenes-africanos-zambia-aaa-kenia-tanzania-y-etiopia-sidamo-pack-para-regalo-y-degustacion\/","og_site_name":"Comprar caf\u00e9 online - Tienda online de Caf\u00e9s Or\u00fas -","article_publisher":"https:\/\/www.facebook.com\/cafesorusaragon","article_modified_time":"2025-02-03T11:52:39+00:00","og_image":[{"width":1000,"height":1000,"url":"https:\/\/cafesorus.es\/tienda\/wp-content\/uploads\/2022\/02\/Africanos2.png","type":"image\/png"}],"twitter_card":"summary_large_image","twitter_site":"@CafesOrus","schema":{"@context":"https:\/\/schema.org","@graph":[{"@type":"WebPage","@id":"https:\/\/cafesorus.es\/tienda\/producto\/pack-de-cafe-de-origenes-africanos-zambia-aaa-kenia-tanzania-y-etiopia-sidamo-pack-para-regalo-y-degustacion\/","url":"https:\/\/cafesorus.es\/tienda\/producto\/pack-de-cafe-de-origenes-africanos-zambia-aaa-kenia-tanzania-y-etiopia-sidamo-pack-para-regalo-y-degustacion\/","name":"Malet\u00edn de caf\u00e9 de Or\u00edgenes Africanos: Zambia AAA, Kenia, Tanzania y Etiop\u00eda Sidamo - Comprar caf\u00e9 online - Tienda online de Caf\u00e9s Or\u00fas -","isPartOf":{"@id":"https:\/\/cafesorus.es\/tienda\/#website"},"primaryImageOfPage":{"@id":"https:\/\/cafesorus.es\/tienda\/producto\/pack-de-cafe-de-origenes-africanos-zambia-aaa-kenia-tanzania-y-etiopia-sidamo-pack-para-regalo-y-degustacion\/#primaryimage"},"image":{"@id":"https:\/\/cafesorus.es\/tienda\/producto\/pack-de-cafe-de-origenes-africanos-zambia-aaa-kenia-tanzania-y-etiopia-sidamo-pack-para-regalo-y-degustacion\/#primaryimage"},"thumbnailUrl":"https:\/\/cafesorus.es\/tienda\/wp-content\/uploads\/2022\/02\/Africanos2.png","datePublished":"2022-02-08T16:53:42+00:00","dateModified":"2025-02-03T11:52:39+00:00","breadcrumb":{"@id":"https:\/\/cafesorus.es\/tienda\/producto\/pack-de-cafe-de-origenes-africanos-zambia-aaa-kenia-tanzania-y-etiopia-sidamo-pack-para-regalo-y-degustacion\/#breadcrumb"},"inLanguage":"es","potentialAction":[{"@type":"ReadAction","target":["https:\/\/cafesorus.es\/tienda\/producto\/pack-de-cafe-de-origenes-africanos-zambia-aaa-kenia-tanzania-y-etiopia-sidamo-pack-para-regalo-y-degustacion\/"]}]},{"@type":"ImageObject","inLanguage":"es","@id":"https:\/\/cafesorus.es\/tienda\/producto\/pack-de-cafe-de-origenes-africanos-zambia-aaa-kenia-tanzania-y-etiopia-sidamo-pack-para-regalo-y-degustacion\/#primaryimage","url":"https:\/\/cafesorus.es\/tienda\/wp-content\/uploads\/2022\/02\/Africanos2.png","contentUrl":"https:\/\/cafesorus.es\/tienda\/wp-content\/uploads\/2022\/02\/Africanos2.png","width":1000,"height":1000},{"@type":"BreadcrumbList","@id":"https:\/\/cafesorus.es\/tienda\/producto\/pack-de-cafe-de-origenes-africanos-zambia-aaa-kenia-tanzania-y-etiopia-sidamo-pack-para-regalo-y-degustacion\/#breadcrumb","itemListElement":[{"@type":"ListItem","position":1,"name":"Portada","item":"https:\/\/cafesorus.es\/tienda\/"},{"@type":"ListItem","position":2,"name":"Comprar Caf\u00e9 Online &#8211; Caf\u00e9s Or\u00fas","item":"https:\/\/cafesorus.es\/tienda\/"},{"@type":"ListItem","position":3,"name":"Malet\u00edn de caf\u00e9 de Or\u00edgenes Africanos: Zambia AAA, Kenia, Tanzania y Etiop\u00eda Sidamo"}]},{"@type":"WebSite","@id":"https:\/\/cafesorus.es\/tienda\/#website","url":"https:\/\/cafesorus.es\/tienda\/","name":"Comprar caf\u00e9 online - Tienda online de Caf\u00e9s Or\u00fas","description":"El sabor de tu vida","publisher":{"@id":"https:\/\/cafesorus.es\/tienda\/#organization"},"potentialAction":[{"@type":"SearchAction","target":{"@type":"EntryPoint","urlTemplate":"https:\/\/cafesorus.es\/tienda\/?s={search_term_string}"},"query-input":{"@type":"PropertyValueSpecification","valueRequired":true,"valueName":"search_term_string"}}],"inLanguage":"es"},{"@type":"Organization","@id":"https:\/\/cafesorus.es\/tienda\/#organization","name":"Caf\u00e9s Or\u00fas","url":"https:\/\/cafesorus.es\/tienda\/","logo":{"@type":"ImageObject","inLanguage":"es","@id":"https:\/\/cafesorus.es\/tienda\/#\/schema\/logo\/image\/","url":"https:\/\/cafesorus.es\/tienda\/wp-content\/uploads\/2023\/01\/Branding_1_HD-e1672845351612.png","contentUrl":"https:\/\/cafesorus.es\/tienda\/wp-content\/uploads\/2023\/01\/Branding_1_HD-e1672845351612.png","width":150,"height":96,"caption":"Caf\u00e9s Or\u00fas"},"image":{"@id":"https:\/\/cafesorus.es\/tienda\/#\/schema\/logo\/image\/"},"sameAs":["https:\/\/www.facebook.com\/cafesorusaragon","https:\/\/x.com\/CafesOrus","https:\/\/www.instagram.com\/cafesorus\/","https:\/\/www.youtube.com\/user\/cafesorus","https:\/\/www.flickr.com\/photos\/cafesorus\/"]}]}},"_links":{"self":[{"href":"https:\/\/cafesorus.es\/tienda\/wp-json\/wp\/v2\/product\/19165","targetHints":{"allow":["GET"]}}],"collection":[{"href":"https:\/\/cafesorus.es\/tienda\/wp-json\/wp\/v2\/product"}],"about":[{"href":"https:\/\/cafesorus.es\/tienda\/wp-json\/wp\/v2\/types\/product"}],"replies":[{"embeddable":true,"href":"https:\/\/cafesorus.es\/tienda\/wp-json\/wp\/v2\/comments?post=19165"}],"wp:featuredmedia":[{"embeddable":true,"href":"https:\/\/cafesorus.es\/tienda\/wp-json\/wp\/v2\/media\/19919"}],"wp:attachment":[{"href":"https:\/\/cafesorus.es\/tienda\/wp-json\/wp\/v2\/media?parent=19165"}],"wp:term":[{"taxonomy":"product_brand","embeddable":true,"href":"https:\/\/cafesorus.es\/tienda\/wp-json\/wp\/v2\/product_brand?post=19165"},{"taxonomy":"product_cat","embeddable":true,"href":"https:\/\/cafesorus.es\/tienda\/wp-json\/wp\/v2\/product_cat?post=19165"},{"taxonomy":"product_tag","embeddable":true,"href":"https:\/\/cafesorus.es\/tienda\/wp-json\/wp\/v2\/product_tag?post=19165"}],"curies":[{"name":"wp","href":"https:\/\/api.w.org\/{rel}","templated":true}]}}