{"id":19172,"date":"2022-02-08T17:57:33","date_gmt":"2022-02-08T16:57:33","guid":{"rendered":"https:\/\/cafesorus.es\/tienda\/?post_type=product&#038;p=19172"},"modified":"2023-05-26T08:06:54","modified_gmt":"2023-05-26T07:06:54","slug":"100-vasos-desechables-con-tapa-para-cafe-con-leche-255-ml-9-oz-te-o-bebidas-calientes-o-frias","status":"publish","type":"product","link":"https:\/\/cafesorus.es\/tienda\/producto\/100-vasos-desechables-con-tapa-para-cafe-con-leche-255-ml-9-oz-te-o-bebidas-calientes-o-frias\/","title":{"rendered":"100 vasos desechables con tapa para caf\u00e9 con leche (255 ml &#8211; 9 oz), t\u00e9 o bebidas calientes o fr\u00edas"},"content":{"rendered":"","protected":false},"excerpt":{"rendered":"<ul class=\"a-unordered-list a-vertical a-spacing-mini\">\n<li><span class=\"a-list-item\">Tama\u00f1o: Caf\u00e9 con leche (255 ml &#8211; 9 oz)<\/span><\/li>\n<li>100 vasos desechables + tapas incluidas<\/li>\n<li><span class=\"a-list-item\">Vasos perfectos para caf\u00e9, t\u00e9, bebidas calientes y fr\u00edas, para uso de oficina, en cualquier fiesta o evento<\/span><\/li>\n<li><span class=\"a-list-item\">Los vasos est\u00e1n hechos de MATERIALES RECICLABLES<\/span><\/li>\n<\/ul>\n","protected":false},"featured_media":19465,"comment_status":"open","ping_status":"closed","template":"","meta":[],"product_brand":[],"product_cat":[82],"product_tag":[130,128,129,131],"class_list":{"0":"post-19172","1":"product","2":"type-product","3":"status-publish","4":"has-post-thumbnail","6":"product_cat-complementos","7":"product_tag-vasos-cafe-con-leche","8":"product_tag-vasos-para-llevar","9":"product_tag-vasos-take-away","10":"product_tag-vasos-termicos","12":"first","13":"instock","14":"taxable","15":"shipping-taxable","16":"purchasable","17":"product-type-simple"},"yoast_head":"<!-- This site is optimized with the Yoast SEO plugin v26.0 - https:\/\/yoast.com\/wordpress\/plugins\/seo\/ -->\n<title>100 vasos desechables con tapa para caf\u00e9 con leche (255 ml - 9 oz), t\u00e9 o bebidas calientes o fr\u00edas - Comprar caf\u00e9 online - Tienda online de Caf\u00e9s Or\u00fas -<\/title>\n<meta name=\"robots\" content=\"index, follow, max-snippet:-1, max-image-preview:large, max-video-preview:-1\" \/>\n<link rel=\"canonical\" href=\"https:\/\/cafesorus.es\/tienda\/producto\/100-vasos-desechables-con-tapa-para-cafe-con-leche-255-ml-9-oz-te-o-bebidas-calientes-o-frias\/\" \/>\n<meta property=\"og:locale\" content=\"es_ES\" \/>\n<meta property=\"og:type\" content=\"article\" \/>\n<meta property=\"og:title\" content=\"100 vasos desechables con tapa para caf\u00e9 con leche (255 ml - 9 oz), t\u00e9 o bebidas calientes o fr\u00edas - Comprar caf\u00e9 online - Tienda online de Caf\u00e9s Or\u00fas -\" \/>\n<meta property=\"og:description\" content=\"Tama\u00f1o: Caf\u00e9 con leche (255 ml - 9 oz)  100 vasos desechables + tapas incluidas  Vasos perfectos para caf\u00e9, t\u00e9, bebidas calientes y fr\u00edas, para uso de oficina, en cualquier fiesta o evento  Los vasos est\u00e1n hechos de MATERIALES RECICLABLES\" \/>\n<meta property=\"og:url\" content=\"https:\/\/cafesorus.es\/tienda\/producto\/100-vasos-desechables-con-tapa-para-cafe-con-leche-255-ml-9-oz-te-o-bebidas-calientes-o-frias\/\" \/>\n<meta property=\"og:site_name\" content=\"Comprar caf\u00e9 online - Tienda online de Caf\u00e9s Or\u00fas -\" \/>\n<meta property=\"article:publisher\" content=\"https:\/\/www.facebook.com\/cafesorusaragon\" \/>\n<meta property=\"article:modified_time\" content=\"2023-05-26T07:06:54+00:00\" \/>\n<meta property=\"og:image\" content=\"https:\/\/cafesorus.es\/tienda\/wp-content\/uploads\/2022\/02\/Vasos-take-awaya.png\" \/>\n\t<meta property=\"og:image:width\" content=\"800\" \/>\n\t<meta property=\"og:image:height\" content=\"800\" \/>\n\t<meta property=\"og:image:type\" content=\"image\/png\" \/>\n<meta name=\"twitter:card\" content=\"summary_large_image\" \/>\n<meta name=\"twitter:site\" content=\"@CafesOrus\" \/>\n<script type=\"application\/ld+json\" class=\"yoast-schema-graph\">{\"@context\":\"https:\/\/schema.org\",\"@graph\":[{\"@type\":\"WebPage\",\"@id\":\"https:\/\/cafesorus.es\/tienda\/producto\/100-vasos-desechables-con-tapa-para-cafe-con-leche-255-ml-9-oz-te-o-bebidas-calientes-o-frias\/\",\"url\":\"https:\/\/cafesorus.es\/tienda\/producto\/100-vasos-desechables-con-tapa-para-cafe-con-leche-255-ml-9-oz-te-o-bebidas-calientes-o-frias\/\",\"name\":\"100 vasos desechables con tapa para caf\u00e9 con leche (255 ml - 9 oz), t\u00e9 o bebidas calientes o fr\u00edas - Comprar caf\u00e9 online - Tienda online de Caf\u00e9s Or\u00fas -\",\"isPartOf\":{\"@id\":\"https:\/\/cafesorus.es\/tienda\/#website\"},\"primaryImageOfPage\":{\"@id\":\"https:\/\/cafesorus.es\/tienda\/producto\/100-vasos-desechables-con-tapa-para-cafe-con-leche-255-ml-9-oz-te-o-bebidas-calientes-o-frias\/#primaryimage\"},\"image\":{\"@id\":\"https:\/\/cafesorus.es\/tienda\/producto\/100-vasos-desechables-con-tapa-para-cafe-con-leche-255-ml-9-oz-te-o-bebidas-calientes-o-frias\/#primaryimage\"},\"thumbnailUrl\":\"https:\/\/cafesorus.es\/tienda\/wp-content\/uploads\/2022\/02\/Vasos-take-awaya.png\",\"datePublished\":\"2022-02-08T16:57:33+00:00\",\"dateModified\":\"2023-05-26T07:06:54+00:00\",\"breadcrumb\":{\"@id\":\"https:\/\/cafesorus.es\/tienda\/producto\/100-vasos-desechables-con-tapa-para-cafe-con-leche-255-ml-9-oz-te-o-bebidas-calientes-o-frias\/#breadcrumb\"},\"inLanguage\":\"es\",\"potentialAction\":[{\"@type\":\"ReadAction\",\"target\":[\"https:\/\/cafesorus.es\/tienda\/producto\/100-vasos-desechables-con-tapa-para-cafe-con-leche-255-ml-9-oz-te-o-bebidas-calientes-o-frias\/\"]}]},{\"@type\":\"ImageObject\",\"inLanguage\":\"es\",\"@id\":\"https:\/\/cafesorus.es\/tienda\/producto\/100-vasos-desechables-con-tapa-para-cafe-con-leche-255-ml-9-oz-te-o-bebidas-calientes-o-frias\/#primaryimage\",\"url\":\"https:\/\/cafesorus.es\/tienda\/wp-content\/uploads\/2022\/02\/Vasos-take-awaya.png\",\"contentUrl\":\"https:\/\/cafesorus.es\/tienda\/wp-content\/uploads\/2022\/02\/Vasos-take-awaya.png\",\"width\":800,\"height\":800},{\"@type\":\"BreadcrumbList\",\"@id\":\"https:\/\/cafesorus.es\/tienda\/producto\/100-vasos-desechables-con-tapa-para-cafe-con-leche-255-ml-9-oz-te-o-bebidas-calientes-o-frias\/#breadcrumb\",\"itemListElement\":[{\"@type\":\"ListItem\",\"position\":1,\"name\":\"Portada\",\"item\":\"https:\/\/cafesorus.es\/tienda\/\"},{\"@type\":\"ListItem\",\"position\":2,\"name\":\"Comprar Caf\u00e9 Online &#8211; Caf\u00e9s Or\u00fas\",\"item\":\"https:\/\/cafesorus.es\/tienda\/\"},{\"@type\":\"ListItem\",\"position\":3,\"name\":\"100 vasos desechables con tapa para caf\u00e9 con leche (255 ml &#8211; 9 oz), t\u00e9 o bebidas calientes o fr\u00edas\"}]},{\"@type\":\"WebSite\",\"@id\":\"https:\/\/cafesorus.es\/tienda\/#website\",\"url\":\"https:\/\/cafesorus.es\/tienda\/\",\"name\":\"Comprar caf\u00e9 online - Tienda online de Caf\u00e9s Or\u00fas\",\"description\":\"El sabor de tu vida\",\"publisher\":{\"@id\":\"https:\/\/cafesorus.es\/tienda\/#organization\"},\"potentialAction\":[{\"@type\":\"SearchAction\",\"target\":{\"@type\":\"EntryPoint\",\"urlTemplate\":\"https:\/\/cafesorus.es\/tienda\/?s={search_term_string}\"},\"query-input\":{\"@type\":\"PropertyValueSpecification\",\"valueRequired\":true,\"valueName\":\"search_term_string\"}}],\"inLanguage\":\"es\"},{\"@type\":\"Organization\",\"@id\":\"https:\/\/cafesorus.es\/tienda\/#organization\",\"name\":\"Caf\u00e9s Or\u00fas\",\"url\":\"https:\/\/cafesorus.es\/tienda\/\",\"logo\":{\"@type\":\"ImageObject\",\"inLanguage\":\"es\",\"@id\":\"https:\/\/cafesorus.es\/tienda\/#\/schema\/logo\/image\/\",\"url\":\"https:\/\/cafesorus.es\/tienda\/wp-content\/uploads\/2023\/01\/Branding_1_HD-e1672845351612.png\",\"contentUrl\":\"https:\/\/cafesorus.es\/tienda\/wp-content\/uploads\/2023\/01\/Branding_1_HD-e1672845351612.png\",\"width\":150,\"height\":96,\"caption\":\"Caf\u00e9s Or\u00fas\"},\"image\":{\"@id\":\"https:\/\/cafesorus.es\/tienda\/#\/schema\/logo\/image\/\"},\"sameAs\":[\"https:\/\/www.facebook.com\/cafesorusaragon\",\"https:\/\/x.com\/CafesOrus\",\"https:\/\/www.instagram.com\/cafesorus\/\",\"https:\/\/www.youtube.com\/user\/cafesorus\",\"https:\/\/www.flickr.com\/photos\/cafesorus\/\"]}]}<\/script>\n<!-- \/ Yoast SEO plugin. -->","yoast_head_json":{"title":"100 vasos desechables con tapa para caf\u00e9 con leche (255 ml - 9 oz), t\u00e9 o bebidas calientes o fr\u00edas - Comprar caf\u00e9 online - Tienda online de Caf\u00e9s Or\u00fas -","robots":{"index":"index","follow":"follow","max-snippet":"max-snippet:-1","max-image-preview":"max-image-preview:large","max-video-preview":"max-video-preview:-1"},"canonical":"https:\/\/cafesorus.es\/tienda\/producto\/100-vasos-desechables-con-tapa-para-cafe-con-leche-255-ml-9-oz-te-o-bebidas-calientes-o-frias\/","og_locale":"es_ES","og_type":"article","og_title":"100 vasos desechables con tapa para caf\u00e9 con leche (255 ml - 9 oz), t\u00e9 o bebidas calientes o fr\u00edas - Comprar caf\u00e9 online - Tienda online de Caf\u00e9s Or\u00fas -","og_description":"Tama\u00f1o: Caf\u00e9 con leche (255 ml - 9 oz)  100 vasos desechables + tapas incluidas  Vasos perfectos para caf\u00e9, t\u00e9, bebidas calientes y fr\u00edas, para uso de oficina, en cualquier fiesta o evento  Los vasos est\u00e1n hechos de MATERIALES RECICLABLES","og_url":"https:\/\/cafesorus.es\/tienda\/producto\/100-vasos-desechables-con-tapa-para-cafe-con-leche-255-ml-9-oz-te-o-bebidas-calientes-o-frias\/","og_site_name":"Comprar caf\u00e9 online - Tienda online de Caf\u00e9s Or\u00fas -","article_publisher":"https:\/\/www.facebook.com\/cafesorusaragon","article_modified_time":"2023-05-26T07:06:54+00:00","og_image":[{"width":800,"height":800,"url":"https:\/\/cafesorus.es\/tienda\/wp-content\/uploads\/2022\/02\/Vasos-take-awaya.png","type":"image\/png"}],"twitter_card":"summary_large_image","twitter_site":"@CafesOrus","schema":{"@context":"https:\/\/schema.org","@graph":[{"@type":"WebPage","@id":"https:\/\/cafesorus.es\/tienda\/producto\/100-vasos-desechables-con-tapa-para-cafe-con-leche-255-ml-9-oz-te-o-bebidas-calientes-o-frias\/","url":"https:\/\/cafesorus.es\/tienda\/producto\/100-vasos-desechables-con-tapa-para-cafe-con-leche-255-ml-9-oz-te-o-bebidas-calientes-o-frias\/","name":"100 vasos desechables con tapa para caf\u00e9 con leche (255 ml - 9 oz), t\u00e9 o bebidas calientes o fr\u00edas - Comprar caf\u00e9 online - Tienda online de Caf\u00e9s Or\u00fas -","isPartOf":{"@id":"https:\/\/cafesorus.es\/tienda\/#website"},"primaryImageOfPage":{"@id":"https:\/\/cafesorus.es\/tienda\/producto\/100-vasos-desechables-con-tapa-para-cafe-con-leche-255-ml-9-oz-te-o-bebidas-calientes-o-frias\/#primaryimage"},"image":{"@id":"https:\/\/cafesorus.es\/tienda\/producto\/100-vasos-desechables-con-tapa-para-cafe-con-leche-255-ml-9-oz-te-o-bebidas-calientes-o-frias\/#primaryimage"},"thumbnailUrl":"https:\/\/cafesorus.es\/tienda\/wp-content\/uploads\/2022\/02\/Vasos-take-awaya.png","datePublished":"2022-02-08T16:57:33+00:00","dateModified":"2023-05-26T07:06:54+00:00","breadcrumb":{"@id":"https:\/\/cafesorus.es\/tienda\/producto\/100-vasos-desechables-con-tapa-para-cafe-con-leche-255-ml-9-oz-te-o-bebidas-calientes-o-frias\/#breadcrumb"},"inLanguage":"es","potentialAction":[{"@type":"ReadAction","target":["https:\/\/cafesorus.es\/tienda\/producto\/100-vasos-desechables-con-tapa-para-cafe-con-leche-255-ml-9-oz-te-o-bebidas-calientes-o-frias\/"]}]},{"@type":"ImageObject","inLanguage":"es","@id":"https:\/\/cafesorus.es\/tienda\/producto\/100-vasos-desechables-con-tapa-para-cafe-con-leche-255-ml-9-oz-te-o-bebidas-calientes-o-frias\/#primaryimage","url":"https:\/\/cafesorus.es\/tienda\/wp-content\/uploads\/2022\/02\/Vasos-take-awaya.png","contentUrl":"https:\/\/cafesorus.es\/tienda\/wp-content\/uploads\/2022\/02\/Vasos-take-awaya.png","width":800,"height":800},{"@type":"BreadcrumbList","@id":"https:\/\/cafesorus.es\/tienda\/producto\/100-vasos-desechables-con-tapa-para-cafe-con-leche-255-ml-9-oz-te-o-bebidas-calientes-o-frias\/#breadcrumb","itemListElement":[{"@type":"ListItem","position":1,"name":"Portada","item":"https:\/\/cafesorus.es\/tienda\/"},{"@type":"ListItem","position":2,"name":"Comprar Caf\u00e9 Online &#8211; Caf\u00e9s Or\u00fas","item":"https:\/\/cafesorus.es\/tienda\/"},{"@type":"ListItem","position":3,"name":"100 vasos desechables con tapa para caf\u00e9 con leche (255 ml &#8211; 9 oz), t\u00e9 o bebidas calientes o fr\u00edas"}]},{"@type":"WebSite","@id":"https:\/\/cafesorus.es\/tienda\/#website","url":"https:\/\/cafesorus.es\/tienda\/","name":"Comprar caf\u00e9 online - Tienda online de Caf\u00e9s Or\u00fas","description":"El sabor de tu vida","publisher":{"@id":"https:\/\/cafesorus.es\/tienda\/#organization"},"potentialAction":[{"@type":"SearchAction","target":{"@type":"EntryPoint","urlTemplate":"https:\/\/cafesorus.es\/tienda\/?s={search_term_string}"},"query-input":{"@type":"PropertyValueSpecification","valueRequired":true,"valueName":"search_term_string"}}],"inLanguage":"es"},{"@type":"Organization","@id":"https:\/\/cafesorus.es\/tienda\/#organization","name":"Caf\u00e9s Or\u00fas","url":"https:\/\/cafesorus.es\/tienda\/","logo":{"@type":"ImageObject","inLanguage":"es","@id":"https:\/\/cafesorus.es\/tienda\/#\/schema\/logo\/image\/","url":"https:\/\/cafesorus.es\/tienda\/wp-content\/uploads\/2023\/01\/Branding_1_HD-e1672845351612.png","contentUrl":"https:\/\/cafesorus.es\/tienda\/wp-content\/uploads\/2023\/01\/Branding_1_HD-e1672845351612.png","width":150,"height":96,"caption":"Caf\u00e9s Or\u00fas"},"image":{"@id":"https:\/\/cafesorus.es\/tienda\/#\/schema\/logo\/image\/"},"sameAs":["https:\/\/www.facebook.com\/cafesorusaragon","https:\/\/x.com\/CafesOrus","https:\/\/www.instagram.com\/cafesorus\/","https:\/\/www.youtube.com\/user\/cafesorus","https:\/\/www.flickr.com\/photos\/cafesorus\/"]}]}},"_links":{"self":[{"href":"https:\/\/cafesorus.es\/tienda\/wp-json\/wp\/v2\/product\/19172","targetHints":{"allow":["GET"]}}],"collection":[{"href":"https:\/\/cafesorus.es\/tienda\/wp-json\/wp\/v2\/product"}],"about":[{"href":"https:\/\/cafesorus.es\/tienda\/wp-json\/wp\/v2\/types\/product"}],"replies":[{"embeddable":true,"href":"https:\/\/cafesorus.es\/tienda\/wp-json\/wp\/v2\/comments?post=19172"}],"wp:featuredmedia":[{"embeddable":true,"href":"https:\/\/cafesorus.es\/tienda\/wp-json\/wp\/v2\/media\/19465"}],"wp:attachment":[{"href":"https:\/\/cafesorus.es\/tienda\/wp-json\/wp\/v2\/media?parent=19172"}],"wp:term":[{"taxonomy":"product_brand","embeddable":true,"href":"https:\/\/cafesorus.es\/tienda\/wp-json\/wp\/v2\/product_brand?post=19172"},{"taxonomy":"product_cat","embeddable":true,"href":"https:\/\/cafesorus.es\/tienda\/wp-json\/wp\/v2\/product_cat?post=19172"},{"taxonomy":"product_tag","embeddable":true,"href":"https:\/\/cafesorus.es\/tienda\/wp-json\/wp\/v2\/product_tag?post=19172"}],"curies":[{"name":"wp","href":"https:\/\/api.w.org\/{rel}","templated":true}]}}